ided by 768?
763
Calculate the remainder when 17386805 is divided by 109.
106
Calculate the remainder when 7547 is divided by 344.
323
Calculate the remainder when 51480 is divided by 7.
2
Calculate the remainder when 340249 is divided by 250.
249
Calculate the remainder when 14400 is divided by 214.
62
What is the remainder when 3221 is divided by 40?
21
Calculate the remainder when 55001 is divided by 65.
11
Calculate the remainder when 14698 is divided by 300.
298
What is the remainder when 589 is divided by 92?
37
What is the remainder when 21095 is divided by 75?
20
What is the remainder when 43042 is divided by 256?
34
What is the remainder when 455679 is divided by 19811?
26
What is the remainder when 134167 is divided by 78?
7
What is the remainder when 168226 is divided by 6230?
16
Calculate the remainder when 2336 is divided by 259.
5
Calculate the remainder when 8281 is divided by 90.
1
What is the remainder when 6572 is divided by 28?
20
Calculate the remainder when 25991 is divided by 5168.
151
What is the remainder when 271039 is divided by 308?
307
Calculate the remainder when 3026 is divided by 3010.
16
Calculate the remainder when 33437 is divided by 19.
16
Calculate the remainder when 676 is divided by 179.
139
Calculate the remainder when 537 is divided by 52.
17
What is the remainder when 553 is divided by 551?
2
What is the remainder when 8215 is divided by 4055?
105
What is the remainder when 124408 is divided by 363?
262
What is the remainder when 4904 is divided by 4637?
267
Calculate the remainder when 104410 is divided by 23.
13
What is the remainder when 10241 is divided by 27?
8
What is the remainder when 7136 is divided by 890?
16
Calculate the remainder when 1684 is divided by 279.
10
Calculate the remainder when 344133 is divided by 307.
293
What is the remainder when 13461 is divided by 13436?
25
What is the remainder when 1007 is divided by 751?
256
What is the remainder when 2953 is divided by 724?
57
What is the remainder when 2788 is divided by 22?
16
Calculate the remainder when 87303 is divided by 334.
129
What is the remainder when 1360 is divided by 85?
0
What is the remainder when 3508 is divided by 52?
24
Calculate the remainder when 306346 is divided by 19.
9
What is the remainder when 1445 is divided by 264?
125
Calculate the remainder when 360 is divided by 31.
19
Calculate the remainder when 8762 is divided by 299.
91
Calculate the remainder when 214117 is divided by 149.
4
What is the remainder when 66650 is divided by 69?
65
What is the remainder when 866167 is divided by 540?
7
Calculate the remainder when 2223 is divided by 119.
81
Calculate the remainder when 47121 is divided by 271.
238
Calculate the remainder when 382261 is divided by 4.
1
Calculate the remainder when 7383 is divided by 141.
51
What is the remainder when 24344 is divided by 97?
94
What is the remainder when 21164 is divided by 10566?
32
Calculate the remainder when 460347 is divided by 9.
6
Calculate the remainder when 30962 is divided by 26.
22
Calculate the remainder when 833 is divided by 168.
161
What is the remainder when 12396 is divided by 108?
84
What is the remainder when 187959 is divided by 127?
126
What is the remainder when 17380 is divided by 1448?
4
What is the remainder when 116995 is divided by 22?
21
Calculate the remainder when 713 is divided by 353.
7
Calculate the remainder when 12523 is divided by 1136.
27
Calculate the remainder when 104591 is divided by 34859.
14
Calculate the remainder when 221690 is divided by 4715.
85
Calculate the remainder when 778504 is divided by 94.
90
Calculate the remainder when 22204 is divided by 58.
48
What is the remainder when 35530 is divided by 163?
159
Calculate the remainder when 99764 is divided by 19950.
14
Calculate the remainder when 56539 is divided by 549.
541
Calculate the remainder when 34718 is divided by 32.
30
Calculate the remainder when 3005 is divided by 200.
5
Calculate the remainder when 2834889 is divided by 19.
13
What is the remainder when 70103 is divided by 22?
11
What is the remainder when 17797 is divided by 114?
13
What is the remainder when 1221878 is divided by 46?
26
What is the remainder when 21588 is divided by 61?
55
Calculate the remainder when 10789 is divided by 237.
124
What is the remainder when 6142288 is divided by 41?
37
Calculate the remainder when 1531 is divided by 758.
15
Calculate the remainder when 12115 is divided by 189.
19
What is the remainder when 136144 is divided by 1144?
8
What is the remainder when 2514 is divided by 8?
2
What is the remainder when 36459 is divided by 9106?
35
Calculate the remainder when 62919 is divided by 104.
103
Calculate the remainder when 913984 is divided by 497.
1
Calculate the remainder when 3480 is divided by 240.
120
What is the remainder when 3398 is divided by 506?
362
What is the remainder when 21791 is divided by 659?
44
Calculate the remainder when 24870 is divided by 1243.
10
Calculate the remainder when 1488 is divided by 215.
198
What is the remainder when 13343 is divided by 202?
11
Calculate the remainder when 135373 is divided by 427.
14
What is the remainder when 13848 is divided by 7?
2
Calculate the remainder when 15859 is divided by 10.
9
What is the remainder when 19112 is divided by 9551?
10
What is the remainder when 2065 is divided by 1932?
133
Calculate the remainder when 2665290 is divided by 34.
30
Calculate the remainder when 62972 is divided by 852.
776
What is the remainder when 80052 is divided by 793?
752
Calculate the remainder when 30629 is divided by 10175.
104
Calculate the remainder when 27864 is divided by 352.
56
Calculate the remainder when 188 is divided by 60.
8
Calculate the remainder when 83254 is divided by 1262.
1224
What is the remainder when 30327 is divided by 619?
615
What is the remainder when 266720 is divided by 66676?
16
Calculate the remainder when 73065 is divided by 14.
13
What is the remainder when 14689 is divided by 130?
129
What is the remainder when 19546 is divided by 57?
52
What is the remainder when 4945 is divided by 119?
66
Calculate the remainder when 21465 is divided by 795.
0
Calculate the remainder when 313613 is divided by 93.
17
What is the remainder when 3163633 is divided by 14?
11
Calculate the remainder when 2089 is divided by 1945.
144
Calculate the remainder when 107416 is divided by 2388.
2344
What is the remainder when 34295 is divided by 490?
485
What is the remainder when 42463 is divided by 54?
19
What is the remainder when 232249 is divided by 36?
13
Calculate the remainder when 3654 is divided by 62.
58
Calculate the remainder when 114001 is divided by 186.
169
Calculate the remainder when 1143725 is divided by 102.
101
Calculate the remainder when 9580 is divided by 98.
74
What is the remainder when 14624 is divided by 716?
304
Calculate the remainder when 25680489 is divided by 12.
9
Calculate the remainder when 1097 is divided by 521.
55
What is the remainder when 3432753 is divided by 17?
11
What is the remainder when 32639 is divided by 255?
254
Calculate the remainder when 299 is divided by 264.
35
What is the remainder when 4675 is divided by 580?
35
Calculate the remainder when 38455 is divided by 9531.
331
Calculate the remainder when 1712 is divided by 1310.
402
Calculate the remainder when 2569 is divided by 513.
4
Calculate the remainder when 48101 is divided by 295.
16
Calculate the remainder when 15591 is divided by 799.
410
What is the remainder when 129681 is divided by 314?
313
What is the remainder when 245407 is divided by 97?
94
Calculate the remainder when 4030 is divided by 360.
70
What is the remainder when 6968 is divided by 2260?
188
What is the remainder when 64187 is divided by 49?
46
What is the remainder when 1806 is divided by 298?
18
Calculate the remainder when 1390829 is divided by 139.
134
Calculate the remainder when 1799 is divided by 179.
9
What is the remainder when 1978733 is divided by 55?
53
What is the remainder when 29821 is divided by 62?
61
What is the remainder when 2694 is divided by 245?
244
What is the remainder when 6438 is divided by 223?
194
Calculate the remainder when 160685 is divided by 484.
481
What is the remainder when 637 is divided by 54?
43